divisor of 33 and r.
3
Let h = -22 - -26. Suppose 9 = -3*x, 2*c - 6*c + h = 4*x. Suppose -c*p + 188 = -4*z, 5*z - 8 - 7 = 0. What is the greatest common divisor of p and 125?
25
Suppose 0*u - 3*u = -54. Suppose -5*a - z + 4*z + 822 = 0, 668 = 4*a - 5*z. Calculate the greatest common divisor of u and a.
18
Let g = -65 - -78. Suppose -46 = -o - 0*n + 5*n, 3*o + 3*n = 120. Suppose 0*v - 3*v + o = -4*u, 4*v - g = -3*u. Calculate the highest common factor of 63 and v.
7
Let i(t) = -3 - 3*t + 3*t - 4*t. Let j be 84/(-70)*5/(-4)*-2. Let a be i(j). What is the highest common factor of 45 and a?
9
Suppose -6*k - k = -14. Suppose -2*g - 36 = -4*g + k*f, 0 = -5*g - 3*f + 130. What is the greatest common divisor of g and 207?
23
Let t(u) = 24*u**2 + 2*u - 1. Let w be t(1). Let g = w - 16. What is the highest common divisor of g and 3?
3
Let l be (-11)/11 + 942/6. What is the greatest common divisor of 192 and l?
12
Suppose 0 = -5*j - n + 170, -3*j + 9*n = 4*n - 102. Suppose 2 + j = 6*i. Let u be (-1)/4 - (-265)/4. Calculate the highest common divisor of i and u.
6
Let t(w) = -8*w - 45. Let l be t(-6). Suppose l*u = f + 314, -9*u - 2*f - 313 = -12*u. Calculate the highest common factor of 35 and u.
35
Let a = 13 - 7. Let x be 5/((-300)/(-36))*(-10)/(-3). What is the greatest common factor of x and a?
2
Let b = 172 + -148. Suppose 5*w + 145 = 4*f + f, 0 = 3*f - 2*w - 82. What is the greatest common factor of f and b?
24
Let d = 1619 - 1568. What is the greatest common factor of 289 and d?
17
Let u = -19 - -27. Suppose 6*b = 2*i + b - 6, -4*b - 3 = -i. Let o be (-3)/(-3)*i*4. What is the greatest common factor of u and o?
4
Suppose -4*l = 6*l - 100. Calculate the highest common divisor of l and 6.
2
Let y(b) = 119*b + 655. Let x be y(-5). Let o(t) = -104*t + 4. Let p be o(-4). What is the greatest common factor of x and p?
60
Suppose 5*w - 8*w = -4*c - 74, 3*c = -2*w + 55. Let m be -2 + 2/(2/67). Calculate the greatest common divisor of w and m.
13
Let q be (-10 + (-115)/(-10))*24/1. What is the highest common divisor of q and 9?
9
Let x(w) = 46*w + 84. Let u be x(15). Calculate the greatest common factor of u and 18.
18
Let x(u) = u**3 - 3*u**2 - u + 185. Let l be x(0). What is the greatest common factor of 10 and l?
5
Let x(d) = -74*d - 55. Let r be x(-1). Calculate the highest common factor of r and 1387.
19
Let d(s) = 2*s**3 + s**2 - 2*s + 1. Let l be d(-2). Let m = l + 10. Let v be 6*(6 + (m - 1)). What is the highest common factor of 12 and v?
12
Let u be ((-532)/3)/(((-120)/18)/10). Calculate the highest common divisor of 7 and u.
7
Let z be 80/((-6 - -2)/(-4)). Suppose -4*o - 5*b + 800 = 0, -278 = -o + 3*b - 78. What is the greatest common factor of z and o?
40
Let z = -174 - -277. Let c = 17 + z. Suppose -a - 157 = -2*l, -3*a = 5*l - 540 + c. Calculate the greatest common divisor of 9 and l.
9
Let t = 93 + -97. Let w be (t + 10/3)/(1/(-36)). Calculate the highest common divisor of w and 192.
24
Let a(g) = -3*g + 1. Let w(b) be the first derivative of -b**3 - b**2 - b - 1. Let q be w(-1). Let t be a(q). What is the greatest common factor of 56 and t?
7
Suppose -5*v - b + 1549 = 0, 2*b + 2*b - 1236 = -4*v. What is the highest common factor of 62 and v?
62
Suppose l = -4*m + 5*m, 2*m + 4*l - 18 = 0. Suppose 8*v = m*v + 135. What is the greatest common factor of 243 and v?
27
Suppose -6*m + m + o + 18 = 0, -5*m - 4*o + 3 = 0. Suppose -m*b = 2*x - 4*x - 214, 2*b + 3*x - 134 = 0. What is the highest common divisor of 14 and b?
14
Let d be 2/(-4)*2 - -56. Let n = -31 + d. What is the highest common factor of n and 36?
12
Let w be -1 + (-7)/(-5) + 29346/335. What is the highest common factor of 286 and w?
22
Let z be ((-1)/(-3))/(1/12). Suppose -z*k - 76 = 76. Let u = -27 - k. What is the greatest common factor of u and 121?
11
Let o(i) = -i**3 + i**2 + 12*i + 4. Let d be o(3). Calculate the greatest common divisor of 11 and d.
11
Let k(i) = -i**2 + 12*i + 14. Let d be k(8). What is the highest common divisor of d and 115?
23
Let y = -2 - 13. Let x be (-72)/10*y/6. Calculate the greatest common factor of x and 12.
6
Suppose 2*v - 36 = -4*s + 3*s, s - 42 = -4*v. Suppose -7*h + 96 = -s. Calculate the highest common factor of h and 24.
6
Suppose -7*r + 2614 = -186. Calculate the greatest common factor of 8 and r.
8
Suppose 445 - 461 = -4*k. Calculate the highest common divisor of 556 and k.
4
Let i(u) = -63*u + 3. Let w be i(-1). Let j = 2 - 2. Suppose j*k = -2*k + 88. What is the greatest common factor of k and w?
22
Let a(i) be the first derivative of -3*i**2/2 + 23*i + 22. Let f be a(5). Calculate the highest common divisor of f and 8.
8
Let c = 103 + -43. Calculate the greatest common divisor of c and 12.
12
Let z(q) = q**2 - q + 51. Let u be z(0). Let y = -35 + u. Let j be 3608/56 - (-3)/(-7). What is the greatest common factor of j and y?
16
Suppose -g - 9 = -5*r, -2*r = -2*g + 7 - 1. What is the greatest common divisor of g and 14?
2
Let l(n) = 43*n - 50. Let d be l(6). What is the highest common divisor of 26 and d?
26
Let t = 56 - 58. Let k(f) = -f**2 - 4*f + 6. Let u be k(-5). Let w = u - t. Calculate the greatest common factor of 12 and w.
3
Let p be (-1146)/(-10) - 4/(-10). Suppose 20 = 2*c + 2*c. Suppose 2*a - 77 = c*b, -4*a + b = -2*a - 89. Calculate the greatest common divisor of a and p.
23
Suppose 23*h - 24*h + 16 = 0. Let j(d) = 25*d**2 - 1. Let t be j(1). What is the highest common divisor of h and t?
8
Let f be (-15 - (-2)/(12/(-6)))*-18. What is the highest common divisor of 36 and f?
36
Let s = -3 - -15. Let x be (5880/(-1078))/((-2)/11). What is the greatest common divisor of x and s?
6
Suppose -3*z - 57 = -0*z. Let i = -8 - z. Suppose -5 = 2*t - 27. Calculate the highest common divisor of i and t.
11
Let t be 60/27 - 2/9. Suppose -3*k = 3*q + 21, t*q + 2*q + 32 = -5*k. Let f = 37 + k. What is the greatest common factor of 22 and f?
11
Suppose 3*p + 7 = 2*s, 4*s + 0*s = -4*p + 44. Suppose 3*z - 2*w - 15 = -5*w, -2*z - w = -s. Calculate the greatest common divisor of z and 24.
3
Let d = -1979 - -2124. Calculate the greatest common divisor of d and 783.
29
Let u(z) = 2*z**3 - 9*z**2 + 2*z. Let v be u(7). Suppose -3*l = -v - 35. Calculate the greatest common factor of 14 and l.
14
Suppose 0*m = -2*m, -4*m = -p + 117. What is the greatest common factor of 36 and p?
9
Let x be 2/(-10) + 6/150*3005. What is the highest common factor of 105 and x?
15
Let m(s) = 3*s**2 + 5*s + 5. Let x be m(4). Let d = 115 - x. Calculate the highest common factor of d and 28.
14
Let f be (5 - 2)/((-12)/8). Let u be -5 + f/(-1) - -75. Let q = 0 - -9. Calculate the greatest common divisor of q and u.
9
Let q(u) = -4 - 5 + 2 - 1 + 10*u + 2*u**2. Let w be q(-8). What is the highest common factor of 160 and w?
40
Let b(i) = 2*i + 21. Let l be b(-9). Let k = 21 + l. Let h = 36 - 20. Calculate the highest common factor of h and k.
8
Let s = 41 - 28. Suppose b - d = s, 2*b - 5*d - 14 = 3. What is the greatest common divisor of 64 and b?
16
Suppose -4*p + 60 = p. Let x be (1 - 2*(-9)/(-6))*18. Let a be x*3*(-1)/6. What is the greatest common divisor of a and p?
6
Let o be 3 - (1 + -3 + 1). Suppose 3*q + 5 = f, 5*q + 19 = 3*f - o*f. Let p be 1/(507/126 + f). What is the greatest common divisor of 378 and p?
42
Let o = 100 + 35. Suppose 4*h - o = h. Let q = 49 - 34. Calculate the greatest common factor of h and q.
15
Let o = -222 - -240. Calculate the greatest common factor of 144 and o.
18
Suppose 8 = 6*s - 10. Suppose s*h - 4 = h. Suppose o = -2*m + 20, -h*m + 4*m - 2*o - 8 = 0. Calculate the highest common factor of m and 24.
8
Suppose -3*c = -4*q - 592, 2*c + 3*c - 994 = 3*q. What is the highest common factor of 360 and c?
40
Suppose 3*k + 0*x - 2*x = 10, 3*k + 4*x = -20. Let h be -1*(-3)/(-6)*k. Suppose b - 11 + 4 = h. Calculate the highest common factor of 28 and b.
7
Suppose -47*b + 544 = -13*b. Calculate the highest common divisor of 148 and b.
4
Let p(k) = 2*k - 6. Let a be p(0). Let h be (224/a)/(2/6). Let y = h + 203. Calculate the highest common divisor of y and 13.
13
Suppose 34*a = 3105 - 861. Calculate the greatest common divisor of a and 176.
22
Let x be (10*1)/(9 - 7). Suppose x*q = 10 - 5. Calculate the highest common factor of q and 3.
1
Let v be 16